 = -y - 18. List the prime factors of z.
2, 3
Let a be -2 + -1 - (25 + 7). Let u = -4 - a. What are the prime factors of u?
31
Suppose 3 = 4*y - 17. Let g be (-2)/(-6) - (-25)/15. Suppose g + y = u. What are the prime factors of u?
7
Suppose 10*v - 594 = 4*v. What are the prime factors of v?
3, 11
Let z(b) = b**3 + b**2 + 2*b + 15. What are the prime factors of z(0)?
3, 5
Let v be (2/(-3))/(1/(-30)). Suppose 0 = -a + 6*a - v. Suppose a*m - 5 = 35. List the prime factors of m.
2, 5
Let f be 124*-4*1/(-16). Suppose 3*r = -f + 133. What are the prime factors of r?
2, 17
Let q(z) = -z**3 + 7*z**2 + 8*z + 4. Suppose m + 24 = 4*m. Let n be q(m). Suppose 0 = -5*j + 5, 3*l + 6 = n*l + 3*j. What are the prime factors of l?
3
Let a(s) = -5*s**3 + 8*s**2 - 5*s - 2. Let t(m) = 14*m**3 - 23*m**2 + 14*m + 6. Let k(b) = 17*a(b) + 6*t(b). What are the prime factors of k(-3)?
2, 7
Let q(f) = -f**3 + 21*f**2 - 26*f - 40. List the prime factors of q(19).
2, 47
Suppose 0 = -3*o - 1 - 2. Let r = o - -3. Suppose 12 = r*k + 2*k. List the prime factors of k.
3
Suppose -102*m - 312 = -104*m. List the prime factors of m.
2, 3, 13
Let r = -6 - -11. Suppose -r*g = 5*u - 50, u + 3*u + 5*g - 43 = 0. What are the prime factors of u?
7
Let l = -20 + 53. List the prime factors of l.
3, 11
Suppose 3*j = -0*j + 6. Let q be 36/4 - j/1. Let c = -2 + q. What are the prime factors of c?
5
Let a(y) = 4*y**2 + 3*y - 7. List the prime factors of a(3).
2, 19
List the prime factors of -1 + 0 + 4 - -12.
3, 5
Let h = 1 - -3. Let q = h + 10. What are the prime factors of q?
2, 7
Let h = 20 - 0. Let y = h - 8. What are the prime factors of y?
2, 3
Let t(o) = -2*o**3 + 0 - o**2 + 1 - 2*o**2. Let q be t(-3). Suppose 5*z - q - 72 = 0. What are the prime factors of z?
2, 5
Let q be (-1)/((-21)/18 - -1). Let g(a) = 2*a. List the prime factors of g(q).
2, 3
Suppose -18 = -5*c + 12. Suppose 3*h - 30 = c. List the prime factors of h.
2, 3
Suppose 0 = 5*u - u - 8. Suppose -5*a = -u*a - 66. List the prime factors of a.
2, 11
Let q be (-8 + 196)/((-1)/(-4)). Let h be q/18 + (-8)/(-36). Suppose -h = -y - 2*y. What are the prime factors of y?
2, 7
Let k = 0 - -4. Suppose -k*w - 3 = -19. What are the prime factors of w?
2
Let c = 344 - 83. List the prime factors of c.
3, 29
Let r(h) be the third derivative of h**5/30 + 7*h**4/24 - h**3/6 + 3*h**2. What are the prime factors of r(-5)?
2, 7
Let l be (-8)/28 - 74/(-14). Suppose 12 = -l*c + 72. List the prime factors of c.
2, 3
Let s(b) = -3*b**2 + 2*b - 3. Let d(a) = 4*a**2 - a + 4. Let y(k) = 4*d(k) + 5*s(k). Let r be y(-6). Let w = r + 6. What are the prime factors of w?
7
Suppose 3*t + 3*a + 21 = 0, 4*t + a = 2*a - 3. Let j be (-4)/t - 0/(-1). List the prime factors of j/7 - (-47)/7.
7
Suppose -539 = 9*w - 16*w. What are the prime factors of w?
7, 11
Let s(x) = -39*x**3 + 2*x + 1. Let g be s(-1). Suppose -2*w + 4*w + 5*n - g = 0, w = -3*n + 21. What are the prime factors of w?
3
Suppose -v + 6*u = 3*u - 122, -4*v + u = -466. What are the prime factors of v?
2, 29
What are the prime factors of 1*53/(-2)*-2?
53
Suppose 2*m = -5*m + 252. What are the prime factors of m?
2, 3
Let o(g) = g + 1. Let d be o(-9). Let k(h) = -4*h - 12. What are the prime factors of k(d)?
2, 5
Suppose 12*y = 8*y + 232. List the prime factors of y.
2, 29
Suppose 103 + 143 = 3*s. What are the prime factors of s?
2, 41
Suppose 0 = -3*r + 4*z + 62, -3*r - z + 4 + 63 = 0. List the prime factors of r.
2, 11
Suppose -3*b + 32 = 5*s, 3*b = 7*b + 4*s - 40. List the prime factors of b.
3
Suppose 21 = -2*w + 153. What are the prime factors of w?
2, 3, 11
Suppose -2*t - 2 = 2*k - 4, 0 = 5*k + 5. Suppose -3*f + t*g + 4 = 0, 2 = -2*f - 4*g - 6. What are the prime factors of f/(-2) - (-5 + -6)?
11
Let w = 10 + -7. Let n(z) = -z + 1 - z + w*z**2 + 3*z. List the prime factors of n(-2).
11
Let k(p) = 4*p**3 - p. Let l be k(1). Let w be 3 - ((-3 - -3) + 1). Suppose 0 = w*o + l - 9. What are the prime factors of o?
3
Let v(y) = -y**3 - 9*y**2 + y + 6. Let i(l) = -2*l**2 + l + 1. Let u be i(-2). Let b be v(u). Let f = b + 6. What are the prime factors of f?
3
Suppose -u - 4*u + 15 = 0. Suppose a - 3 = u. List the prime factors of a.
2, 3
Let b(l) = -l**3 + 4*l**2 - 5. Let s be b(4). Let r(h) be the third derivative of -h**4/8 - h**3/2 + h**2. List the prime factors of r(s).
2, 3
Let b(c) = -c**3 + c**2 - c + 14. Let f be b(0). Suppose 2*i + 3*i + 3*y = -5, -3*i - f = 4*y. What are the prime factors of i?
2
Let o = 0 + 1. Suppose 0 = -4*j + o + 7. Suppose 4*p = 7*n - 2*n + 28, j*p - 2*n - 12 = 0. List the prime factors of p.
2
Let t be 2/1*(-5 + 116). Suppose x + t = 5*j, 0 = 5*j - 0*x + x - 228. What are the prime factors of j?
3, 5
Let y = -22 - -90. List the prime factors of y.
2, 17
Suppose -s - 3*w = -2, 2*s = -0*s - 4*w + 14. List the prime factors of s.
17
Let q(z) = -2*z**3 - 8*z**2 - 10*z + 7. Let x(p) = p**2 - 14*p**2 + 13 - 19*p - 3*p**3 - 2*p**2. Let y(n) = 5*q(n) - 3*x(n). List the prime factors of y(6).
2
Let c(q) = 28*q. Let g(a) = -1175*a. Let h(f) = 125*c(f) + 3*g(f). Let b be h(-1). Suppose 37 = 3*m - v + 8, 5*v = -b. What are the prime factors of m?
2
Let r(m) = m**2 + 4*m - 1. Let y(q) = -q**2 - 5*q. Let o(k) = 3*r(k) + 2*y(k). List the prime factors of o(-7).
2
What are the prime factors of 5/(-3)*288/(-3)?
2, 5
Let k = -76 + 211. What are the prime factors of k?
3, 5
Let g be 1/1*-2 + 2. Suppose 0 = -3*y + 4*r + 51, g*y + r = 3*y - 60. Let d = y - 13. What are the prime factors of d?
2
Suppose 0 = 4*v - 318 + 62. Suppose -b + 3*b - v = 0. What are the prime factors of b?
2
Let r(v) = v**2 + 3. Let o be r(4). Let h(i) = i**3 + i**2 - 2. Let y be h(-2). Let f = y + o. What are the prime factors of f?
13
Let m be (-34)/(-8) - (-1)/(-4). Suppose -7*k = -m*k. Suppose 56 = -k*w + 4*w. List the prime factors of w.
2, 7
Let k = 15 - 12. Suppose 4*b + 2*d + 4 = 0, -2*b - 3*b - d - 8 = 0. Let g = k - b. What are the prime factors of g?
5
Let i = -120 + 249. What are the prime factors of i?
3, 43
Let s(y) = -2*y**3 - 7*y**2 + 3*y + 6. List the prime factors of s(-6).
2, 3, 7
Suppose -3*q - 9 + 21 = 0. Suppose 138 = 3*w + 3*i, -180 = -q*w + 4*i - 4. List the prime factors of w.
3, 5
Suppose 4*n = 8*n - 60. Suppose -3*o + 51 = -3*z, 3*o - n - 4 = -5*z. List the prime factors of o.
13
Suppose j + 2*y = -25, -7*j - 5*y - 130 = -2*j. Let w = j - -61. List the prime factors of w.
2, 17
Let j = 64 - -61. What are the prime factors of j?
5
Let x = 3 - 7. Let d(q) = q**3 + 5*q**2 + 2*q - 2. List the prime factors of d(x).
2, 3
Suppose 5*g = -0*g + 5*o + 125, 0 = -2*g - 3*o + 30. Let s = -5 + g. What are the prime factors of s?
2
Let b(t) = -t + 74*t**2 + t - t. Let a be b(-1). Suppose -4*g = g - a. List the prime factors of g.
3, 5
Let i(h) = -21*h - 2. What are the prime factors of i(-4)?
2, 41
Let w = 8 - 4. Suppose -w*a + a + 6 = 0. What are the prime factors of a?
2
Suppose 3*l - l = 30. What are the prime factors of l?
3, 5
Let b(i) = 5*i - 7. What are the prime factors of b(5)?
2, 3
Let l = 5 - 23. Let h = l - -30. List the prime factors of h.
2, 3
Let s(t) = t + 12. Let c be s(-9). Suppose 2*q - 23 = -5*o, 2 = -c*o - 1. What are the prime factors of q?
2, 7
Let v(r) = 2*r**2. Let y = -11 + 13. List the prime factors of v(y).
2
Suppose -5*r = -4*r - 45. Suppose 8*c = 3*c + r. Suppose 2*s - 3 = c. What are the prime factors of s?
2, 3
List the prime factors of (-2 - -3)*-1 + 180.
179
Let t be 6/3*(-9)/(-2). Let o be (-6)/t - 28/(-6). Suppose o*p - 36 = -0*p. What are the prime factors of p?
3
Let g(q) = -q**2 - 22*q + 21. What are the prime factors of g(-20)?
61
Suppose -3*g - 2*m - 3 = 0, -5*g - 5 = 3*m - 0. Let c be (0/g + -4)/(-1). Suppose -c*f = -0*f - 28. What are the prime factors of f?
7
Let i = 19 - -13. Let u be (-1 + 0)*0/2. Suppose -4*w + i = -u*w. What are the prime factors of w?
2
Let i(r) = -r**2 - 4*r - 7. Let u be i(-6). Let f = -6 - u. List the prime factors of f.
13
Let b(d) = d**2 - 14*d + 15. What are the prime factors of b(15)?
2, 3, 5
Suppose -q - 2*q - 4*o = -37, 5*q = -5*o + 65. What are the prime factors of q?
3, 5
Suppose 3*m + m = -4. Let o(i) = -14*i**3 + 2*i**2 - 1. What are the prime factors of o(m)?
3, 5
Suppose -13 = -3*q - 4. Suppose 4*o + q*y = 59, 2*y = -2